))/((-2)/(-21))?
2, 7
Suppose 0 = -2*t + 4 + 6. Suppose 0*c - 1 = -3*u + c, 0 = 2*u - t*c + 21. Suppose -3*r = -u*r - 9. List the prime factors of r.
3
Let l = -3 + 7. Suppose l*o - 12 = -2*x, -o + x + x - 7 = 0. List the prime factors of (7/(-21))/(o/(-18)).
2, 3
Let r be (-8)/(-2) + (-9 - -5). Suppose r = -2*i + 4*v + 4, 2*v - 11 - 5 = -2*i. What are the prime factors of i?
2, 3
Let k(v) = -v + 8. Let q be k(5). Suppose -d - q*d + 8 = 0. What are the prime factors of d?
2
Suppose -15*d - 442 = -17*d. List the prime factors of d.
13, 17
Suppose 26*u - 163 = 25*u. What are the prime factors of u?
163
Suppose -2*j = 3*y - 92, 4*j + j = -25. What are the prime factors of y?
2, 17
List the prime factors of ((-24)/(-14))/(2/28).
2, 3
Suppose 150 = 3*k + 2*k. List the prime factors of k.
2, 3, 5
Suppose z - 3*i = -2, -3*z + 5*z - 5*i = -1. Suppose -3 = 2*x - z. Let h = 2 + x. List the prime factors of h.
2
Let b(m) = -4*m - 9. What are the prime factors of b(-7)?
19
Let m = -13 + 40. Suppose u - 4*u = 3*l - m, 4*l - 9 = 5*u. List the prime factors of l.
2, 3
Let w(x) = -x**2 + 2*x. Let z be w(2). Suppose z = t + 2*t - 36. List the prime factors of t.
2, 3
Let b(s) = -s**3 - s + 2. Let a = -1 - -1. Let g be b(a). Suppose g = -m + 13. List the prime factors of m.
11
Let g = 4 - 2. Suppose 0*l = -5*v - l + 21, -g*v + 3*l = -5. Suppose -1 = t - 7*d + 2*d, -4*t - v*d = -20. List the prime factors of t.
2
Let t(y) = 3*y**2 - 2*y + 4. Let r(p) = -4*p**3 - p**2 + p + 1. Let v be r(-1). List the prime factors of t(v).
5
Let n be 1*-2*(-2)/(-1). What are the prime factors of (n/5)/(2/(-15))?
2, 3
Suppose -4*i + 540 = -i + 3*s, -540 = -3*i + 2*s. List the prime factors of i.
2, 3, 5
Suppose -1 + 5 = 2*a. What are the prime factors of (7/4)/(a/16)?
2, 7
Let r = 0 - 4. Suppose 0 = -2*z - 2*c - 2, z - 4*c + 3 = -3. List the prime factors of 1*r/z + 6.
2
Suppose 0*q - 40 = -2*q. Suppose l + q = h - 4*l, h - 2*l - 20 = 0. Suppose -4*c + h + 8 = 0. What are the prime factors of c?
7
Suppose -4*d = -38 - 34. List the prime factors of d.
2, 3
Suppose 8*y = -4*y + 1488. What are the prime factors of y?
2, 31
Let z be (-72)/(-7) + 4/(-14). Suppose m = -m + z. List the prime factors of m.
5
Let p be ((-12)/3 - -2) + 101. Suppose -3*x - p = -4*f + 9, -124 = -5*f + x. List the prime factors of f.
2, 3
Let g(x) = 6*x**3 - 2*x**2 + x. Let k be g(1). Let o(m) = 2*m**2 - 2*m + 1. Let u be o(1). Suppose 4*i - 3 = u, 11 = n + k*i. List the prime factors of n.
2, 3
Let t be 6/15 - 43/(-5). Let l(v) = v**2 + v. Let s(y) = 5*y**2 - 6*y + 13. Let q(k) = -4*l(k) + s(k). List the prime factors of q(t).
2
Suppose -4*z + 103 + 149 = 0. What are the prime factors of z?
3, 7
Let c = -894 + 1299. What are the prime factors of c?
3, 5
Suppose -2907 = -2*g - 7*g. List the prime factors of g.
17, 19
Let z = -12 - -13. Suppose 2*h = 6, -4*y = -5*h - 108 - z. List the prime factors of y.
31
Let b(p) = 3*p**3 - 3*p**2 + 6*p - 3. List the prime factors of b(4).
3, 5, 11
Suppose 3*l = 2*l + 3. What are the prime factors of -1 + 26 - 3/l?
2, 3
Let b(k) = -7*k + 1. List the prime factors of b(-1).
2
Suppose 4*x = 0, 4*a + 2*x - 3*x - 52 = 0. Let b(z) = -z + 16. Let c be b(a). List the prime factors of -7 + 5 + c*2.
2
What are the prime factors of -4 - -2 - 256/(8/(-2))?
2, 31
Let k(m) = -m**3 - m**2 + 3*m. Let r be k(-4). Suppose -3 - 37 = -4*v - 2*g, 4*v + g = r. What are the prime factors of v?
2
Let j be (-3056)/(-40) + (-4)/10. Suppose -6*h + 2*h = -j. List the prime factors of h.
19
Let a(t) = 2*t**2 - 3*t + 1. Let m be a(3). Suppose k - 4*g - m = -g, k = 5*g + 18. What are the prime factors of ((-32)/k)/2 + -2?
2, 3
Suppose 2*w - 11 = 5*m, -5*w - m = -w + 11. Let x = 22 - 16. Let t = x - w. List the prime factors of t.
2
What are the prime factors of 4/4*208 + 2?
2, 3, 5, 7
Let t be (-3)/(-21) + 330/42. Let x(m) = -2*m + 5 + m**2 + 10*m - 2*m**2. List the prime factors of x(t).
5
List the prime factors of 172*3/4 - (-1)/(-1).
2
Let q be (-2736)/(-39) + 8/(-52). Suppose q = 2*c + 8. What are the prime factors of c?
31
Suppose -4*f = w - 2*w + 52, 3*f - 2*w + 44 = 0. Let t be ((-3)/4)/(3/f). Suppose 0 = r - 3, -t*b + 3*r + 51 = 6*r. What are the prime factors of b?
2, 7
Suppose 0*c - 20 = -3*w - 2*c, -4*w + 3*c = -4. Suppose 2*r - 3*r = -4*v - 27, w*v + 48 = 4*r. What are the prime factors of r?
7
Suppose 2*l + 224 = 3*z, -3*z = -0*z - 3*l - 228. Suppose 71 = 4*x - 5*u, -4*u = 4*x - 8*u - z. Let s = x + -11. What are the prime factors of s?
2
Suppose -5*i + 0*i + 2*f = -37, -4*f + 52 = 4*i. Let q = 12 - i. What are the prime factors of q?
3
Let q be 14/21 + 11/(-3). Let g be (-4 - q)/(2/(-6)). Suppose g*f = 4 + 5. What are the prime factors of f?
3
Let w(o) = 6*o**2 + o. Let i be w(-2). Let u = 74 - i. Let n = -36 + u. What are the prime factors of n?
2
Suppose y - 20 = 5*r, 4*y + r - 6*r - 110 = 0. What are the prime factors of y?
2, 3, 5
Let s = 167 + -99. What are the prime factors of s?
2, 17
Suppose 0*q - 4*q + 52 = 0. Let r = -10 + q. What are the prime factors of r?
3
Let b(l) = -2*l**3 - l**2 + 5*l + 5. Let o(h) = 5*h**3 + 2*h**2 - 14*h - 14. Let d(j) = 11*b(j) + 4*o(j). What are the prime factors of d(-2)?
5
Let t = 6 - 11. Let v = -10 - t. Let a = v - -14. List the prime factors of a.
3
Let t(v) be the first derivative of v**3/3 - v**2/2 + v - 3. Let l be t(0). What are the prime factors of l/4 - 93/(-12)?
2
Let z = 6 - 4. What are the prime factors of z/7 + (-61)/(-7)?
3
Let w = 6 - 2. Let q = 10 - w. Suppose -q*o + 16 = -2*o. List the prime factors of o.
2
Suppose 5*d - 270 = 5*z, -4*z - 4*d + d = 237. Let c = z + 83. What are the prime factors of c?
2, 13
Let n be (-2)/12 - 70/12. List the prime factors of (-64)/(-6) + (-2)/n.
11
Let p(x) = -x**3 + 8*x**2 + 9. Let g be p(8). Let r = g - 1. List the prime factors of r.
2
Let v(j) = j**3 - 3*j**2 - 4*j. Let m be v(3). What are the prime factors of (-400)/(-24)*m/(-10)?
2, 5
Suppose v = -0*v + 28. Let y(g) = g**3 + 4*g**2 - 2*g - 5. Let x be y(-4). Suppose -m = -x*u + v, u + 4*m - m + 4 = 0. What are the prime factors of u?
2
What are the prime factors of (-78)/(-5)*(-15)/(-6)?
3, 13
Suppose 0*m + m - 2 = 0. List the prime factors of 20/8*9*m.
3, 5
Suppose -3 = -3*y + s + 2*s, -6 = -4*y + 2*s. Suppose -4*a - 5*p - 11 = -2*a, -a - 5*p - 8 = 0. What are the prime factors of 4/a*(-21)/y?
2, 7
Let i be (-9*(-12)/9)/1. Suppose -w + i + 13 = 0. What are the prime factors of w?
5
Suppose 17 = 2*m - 23. What are the prime factors of m?
2, 5
Suppose 3*x = 2*y + 4*x - 63, -5*y + x + 175 = 0. List the prime factors of y.
2, 17
Let o = 6 + -3. Suppose -5*j = -o*j. Suppose j = 5*b - b - 16. List the prime factors of b.
2
Let w = -21 + 36. What are the prime factors of w?
3, 5
Let o be 1 + 3 + -1 + -1. Suppose -27 = -5*m - b - 0*b, -2*m + 21 = -3*b. Suppose -28 = o*j - m*j. What are the prime factors of j?
7
Let r = -213 + 386. List the prime factors of r.
173
Suppose -68 = 5*j - 123. List the prime factors of j.
11
Let k be 126/8 - (-13)/52. Suppose -k - 41 = -3*n. List the prime factors of n.
19
Suppose -4*s + 1 = -7. Let m(v) = 2 + v + 7 + 0*v**3 - v**2 - v**3 + s*v**2. List the prime factors of m(0).
3
Let x = -70 + 130. List the prime factors of x.
2, 3, 5
Suppose 4*f + 0*s + 9 = -5*s, 4*f - s - 21 = 0. Suppose -75 + 3 = -f*j. List the prime factors of j.
2, 3
Let c be 3/1*(-1 + 0). Let r = c + 0. List the prime factors of 2 - r/((-9)/(-3)).
3
Let t(o) be the third derivative of 0*o - 1/12*o**4 + 0 - 1/3*o**3 + 2*o**2. List the prime factors of t(-2).
2
Let b = 6 + -12. Let c(z) = 18*z - 18*z - 7*z - z**2 + 6. List the prime factors of c(b).
2, 3
Suppose -12 - 16 = -4*h. List the prime factors of h.
7
Suppose 0 = d + 3*d + 16. Let q be (d/(-6))/(4/66). What are the prime factors of (-1 + -1 + 3)*q?
11
Let i = 37 + 15. What are the prime factors of i?
2, 13
Let q be (14/28)/(1/(-2)). Let g(k) = -60*k**3 + 16*k**2. Let z(b) = -12*b**3 + 3*b**2. Let m(s) = -3*g(s) + 16*z(s). What are the prime factors of m(q)?
2, 3
Suppose 3*z + 0*s + 3*s = 150, -2*z + 121 = -5*s. List the prime factors of z.
53
Let k = 1 - -2. Suppose -5*a = -k*a - 6. Suppose a + 3 = 2*o + g, 9 = 3*o - 3*g. What are the prime factors of o?
3
Let h = -15 - -142. What are the